3. Suppose 0 = -t*x + 19*x + 1695. Is x prime?
False
Let i = -4 - 32. Let z = i + 32. Is (-2)/(10/(-1455)) + z a prime number?
False
Suppose -11190 = -k + 1522. Suppose -k + 2659 = -3*f. Suppose 0 = -3*b - 0*b + f. Is b a composite number?
False
Let v(q) = -4*q**2 - 39*q - 8. Is v(-6) prime?
False
Let z(x) = x**3 - 4*x**2 - 2*x + 1. Let g be z(3). Let r = g - -16. Suppose r*j + 25 = 4*l + 7, 4*l - 4*j = 24. Is l composite?
False
Let f(t) = -12*t + 3. Let i be f(-1). Let d = i + -15. Suppose -3*a - 9 = d, -4*v - 6*a + 3*a + 923 = 0. Is v a composite number?
False
Suppose s - 1395 = -2*s. Suppose 290 + s = 5*c. Let o = 168 + c. Is o prime?
False
Let m = 834 + 13273. Is m prime?
True
Let d(n) = 2*n**2 + 79*n + 52. Is d(35) a prime number?
False
Suppose c - 8*y = -3*y + 4352, -2 = -2*y. Is c a composite number?
False
Let k be 554 - ((-24)/(-4))/2. Let l = k - 258. Is l composite?
False
Is (-11492)/(-6) - (-51)/(-153) a prime number?
False
Let i(r) = -369*r + 170. Is i(-11) a prime number?
True
Suppose w + w = 3*x, w + 3*x = 18. Let p be (-4)/(-3) + w/9. Suppose -p*y - 5*i = -1407, 3*i = 3*y - 937 - 1163. Is y a composite number?
False
Is 5162 - (-8 - 72/(-6)) a prime number?
False
Let v be ((-126)/(-8))/(12/256). Let t = -173 + v. Is t a composite number?
False
Suppose 5 = -4*c - c, -2*c + 123 = -5*r. Let b = 7 + r. Is 17073/81 - 4/b composite?
False
Let t = 33 - 33. Suppose -2*i + 2 = t, -5*i - 396 = -5*m + 854. Is m composite?
False
Suppose -275 = 4*f - 3*h - 1017, -5*f = -2*h - 931. Is f composite?
True
Let g be (-24)/36 - 5/(-3). Suppose 0 = -y - g, -z + 252 + 230 = -3*y. Is z prime?
True
Let i be (147 - 151)*2/(-4)*1. Suppose 20 = -0*u + 5*u. Suppose i*a - u*a + 171 = -g, -20 = 4*g. Is a prime?
True
Suppose 4*t - 8 + 0 = 0. Suppose q = t*q + 203. Let w = 322 + q. Is w a composite number?
True
Let c = 19622 + 7375. Is c composite?
True
Let o(j) = j**2 + j - 4. Let u be o(-3). Let a(l) = 4*l + 10*l**3 - 2 - 13*l**3 - 4*l**u + 16*l**3. Is a(2) a prime number?
False
Suppose 4*k + 8 = 3*h - 10, -k + 3*h = 0. Let b be 19/2 + 3/k. Suppose -8*s - 123 = -b*s. Is s a prime number?
False
Suppose -d + 32 = -2*y + 6, 0 = -4*d - 4*y + 152. Suppose 2*p - 5*u + 19 = 0, 3*p + 2*u - 14 = 5. Suppose 3*g + p = -0*g, -4*g = 2*z - d. Is z composite?
False
Suppose -17*s + 18279 = -12*s - 4*b, -3*b + 7330 = 2*s. Is s prime?
True
Suppose 44*h = 26*h + 676386. Is h prime?
False
Suppose 0*p - 5*s - 1966 = -p, -3920 = -2*p - 2*s. Is p composite?
True
Let p = 114 - -87. Suppose p - 761 = -4*g. Suppose 0 = -3*s + 7*s - g. Is s a prime number?
False
Let k = 13016 - 4710. Is k prime?
False
Let z(l) = -104*l - 96*l + 37*l - 16. Is z(-5) composite?
True
Suppose -3*n + 5*c - 5 = -0*c, 1 = c. Is (1 + -1 - -217) + n + -2 a prime number?
False
Is 3/15 + 1627502/190 a composite number?
True
Suppose 0 = 8*a - 10*a + 164. Is a/4 + (-6)/4 a composite number?
False
Let y = 5 + 1. Suppose 0 = -v + y - 0. Suppose 4*l - v - 10 = 0, -632 = -4*n - 3*l. Is n a prime number?
False
Is 2*(-3)/6 + 664/2 a composite number?
False
Let c = 23 + 2. Let s = 22 - c. Is 4 + 0 + (-54)/s a prime number?
False
Let i(b) = 4*b**3 + 2*b**2 - 2*b - 26. Is i(15) prime?
False
Suppose 369638 = 3*o + 5*d, -o - 34*d = -30*d - 123222. Is o a prime number?
False
Let g(x) = x**2 - 9*x + 10. Let y be g(8). Suppose y*m - 869 = -5*a + 258, 2*m - 1148 = 2*a. Is m a prime number?
True
Suppose 4*j - 4757 = -3*a, -190 = -a + 4*j + 1369. Is a prime?
True
Suppose 5*t + n - 5*n - 3 = 0, 0 = -3*n + 9. Suppose -332 = -t*p + 379. Is p prime?
False
Suppose -17*c - 5 = -18*c. Suppose -c*r = -4*r - 317. Suppose -4*s - 2*j + 1282 = 0, s = -4*j - 0*j + r. Is s a composite number?
True
Suppose 75550 = 90*d - 80*d. Is d a prime number?
False
Suppose 0*a = s - 4*a - 25, 4*s + 2*a - 10 = 0. Suppose 0 = -s*z + 4*z + 79. Is z prime?
True
Let o be 4/(-20) - (-16)/5. Suppose -4*c = -12, -o*g - 3*c = -4*c + 882. Let t = -162 - g. Is t prime?
True
Let x(n) be the first derivative of n**4/4 + 23*n**3/3 + 31*n**2/2 + 20*n + 4. Is x(-21) composite?
False
Suppose 0 = 151*l - 142*l - 26037. Is l prime?
False
Let v = -3 - -5. Suppose -v = -0*y - 2*y. Is -7*y/((-21)/618) prime?
False
Suppose 0 = 5*w + 25, -2*d + 7*d + 2*w - 235 = 0. Let o(k) = 2*k - 16. Let c be o(9). Suppose c*m = m + d. Is m prime?
False
Let i(d) = -2*d**3 - d**2 - 5*d + 5. Let v be i(2). Let g = v + 164. Is g a composite number?
False
Is 62/(-31)*((-112331)/2 + 2) composite?
False
Suppose 5*b - 2*t = 601, 4*t - t - 110 = -b. Suppose -96*d - 36 = -97*d. Let f = b - d. Is f prime?
True
Suppose 4683 = u + 6*u. Is (-3 - (-30)/9)*u composite?
False
Let v(q) = 165*q + 139. Is v(18) a prime number?
True
Suppose -4*g + 4*r + 4 = 0, -r + 20 = 4*g + 6. Suppose 25 = -g*p + 2*p. Is 8/(-10) - 2245/p a prime number?
True
Suppose -4*d + 3569 = 2*q - 5385, 2*d - 4480 = -2*q. Is d composite?
False
Let o = 109 + -280. Let h = 20 - o. Is h a composite number?
False
Suppose -18*n = -4004 + 638. Is n composite?
True
Suppose 0 = -2*h - 2*h. Suppose -5*n - g + 2*g = -1507, h = -4*g - 8. Is n composite?
True
Is ((-29)/(-116))/((-1)/(-8068)) prime?
True
Is (57/(-133))/(((-2)/(-53011))/(-2)) a prime number?
False
Is (0 + -1 + 0)*(-279493)/277 prime?
True
Suppose -5*w + 58 = a, -2*w - 3*a + 19 - 1 = 0. Suppose 0 = -3*q - 12, 2*g = -2*g + q + w. Is 10*g + 3 + -4 composite?
False
Let l(j) = 2*j**2 - 26*j**3 + j**2 - 2*j - 4*j + 4*j. Let k be l(2). Is k*(2 + -3) + 2 prime?
False
Let j(z) = 2*z + 25. Let g be j(-12). Is 18/(-9) - -1*g - -1982 a prime number?
False
Suppose j + 7 = a, 0 = j + 2 + 1. Suppose -a*v - 106 = -6*v. Suppose -v - 105 = -2*g. Is g a composite number?
False
Let o = 19 + -16. Let f be (-1 - -13)*(-1)/o. Is (3 + f)*986/(-2) prime?
False
Let b(u) = 104*u**2 - 15*u + 62. Is b(3) composite?
False
Let a(l) = 297*l + 2. Let k(x) = -x**3 + 15*x**2 + 3. Let w be k(15). Let m be a(w). Suppose 2*j + m - 284 = 3*p, 4*p + 4*j - 812 = 0. Is p composite?
True
Let f(j) be the first derivative of 15/2*j**2 - 6 + 19*j + j**3. Is f(-9) a composite number?
False
Let j = -7324 + 11015. Is j composite?
False
Suppose -35*c = 7186 - 19751. Is c composite?
False
Suppose -3*l + 18*z = 16*z - 100699, 15 = -3*z. Is l a prime number?
True
Suppose -5*z + 20 = 2*x, z = 4*x - 0*x + 4. Suppose 355 = z*o + v, o - 2*o + 86 = 3*v. Is o composite?
False
Let v(n) = -n**3 - 3*n**2 - 4*n - 1. Suppose 4*s - 7*b = -2*b + 23, 4*b + 10 = -s. Let o be (-7 - -3)*3/s. Is v(o) composite?
False
Suppose 1964 = -4*c + 312. Let f = -202 - c. Is f prime?
True
Let j = -9 + 11. Suppose -5*b = 5*l - 2*b - 1252, 0 = 4*l - j*b - 1006. Is l composite?
False
Let v = -1684 + 2719. Suppose 881 + v = 2*g. Is g a composite number?
True
Suppose 7391 = -z + g + 18772, z - 11387 = 4*g. Is z prime?
False
Let p = 20 - 22. Let j(n) = -3*n + 2. Let u be j(p). Is (-3)/(-1) + 40 + u a prime number?
False
Let s be 20/2 - (-3)/(-3)*3. Let x(f) = 6*f + 23. Is x(s) a composite number?
True
Let k be -1*(0 - (-1)/(-2))*0. Is (k + -1)/(5/(-4835)) prime?
True
Suppose -11*y = -1489 - 135703. Suppose 7*n = -n + y. Is n a prime number?
True
Suppose 0 = -g - 2, 6*g + 10 = 3*m + g. Suppose m = -74*p + 78*p - 1324. Is p a composite number?
False
Let q(n) = 88*n**2 + 67*n + 17. Is q(-12) prime?
False
Let v be (-60621)/(-77) - (-4)/(-14). Is (0/2 - -2)/(2/v) a composite number?
False
Let m be 1/(-2)*864/8. Let d = 77 + m. Is d a prime number?
True
Suppose -o - 4 = -2, 4*p - 4*o = -1724. Let q = -20 - p. Is q prime?
False
Let a(x) = x**2 + x. Let l(r) = -4*r**2 - 5*r. Let d(w) = -2*a(w) - l(w). Is d(7) prime?
False
Suppose h - 13 = -4*h + 4*a, -5*h + 2*a = -19. Suppose 0*d + h*d = 3*l + 8477, -d + 3*l = -1705. Is d composite?
False
Let w be 1758 - 1/(-2)*(4 + 4). Suppose 5*h = w + 1008. Is h a prime number?
False
Let x = -2 - -7. Suppose 4*a + 0*a = 5*w - x, 3*a - 5*w = 0. Is a + (2 - 0) + 68 composite?
True
Suppose -15*x + 29508 = -11097. Is x a prime number?
True
Is 1*(10 + 3)*(7780 + -63) composite?
True
Let f be 4/(-14) - (-5178)/42. Let s = -338 + f. Let t = 438 + s. Is t a composite number?
False
Suppose 4*p - 150 = -2*n + 644, -4*n - 4*p = -1580. Suppose -2*h + 2*u + n + 193 = 0, 5*h + 2*u - 1465 = 0. Is h a prime number?
True
Is 1/(-4 + (-802494)/(-200622)) prime?
